{"id":718,"date":"2015-04-17T17:27:33","date_gmt":"2015-04-17T15:27:33","guid":{"rendered":"http:\/\/yakobo.de\/?page_id=718"},"modified":"2015-04-23T08:47:04","modified_gmt":"2015-04-23T06:47:04","slug":"impressum","status":"publish","type":"page","link":"https:\/\/yakobo.de\/?page_id=718","title":{"rendered":"IMPRESSUM"},"content":{"rendered":"<p>Diese Website wird unterhalten durch:<\/p>\n<p>Kay Fiedler<br \/>\nLettengasse 2<br \/>\n55278 Weinolsheim<\/p>\n<p>Tel: 0172 7662759<\/p>\n<p>eMail: webmaster@yakobo.de<\/p>\n<p>Jegliche Auswertung ihres Besuches via Cookies geschiet lediglich zur allgemeinen Informationen \u00fcber Ihr Bundesland und die Verweilzeiten auf den einzelnen Seiten, um uns zu zeigen, welche Artikel in der Masse aller Besucher am ehesten ansprechen &#8211; und welche \u00fcberarbeitet werden m\u00fcssen. Wir erhalten vom Cookie keinerlei detaillierte Informationen \u00fcber Sie und Ihren genauen Standort!<\/p>\n<p><iframe loading=\"lazy\" src=\"https:\/\/www.google.com\/maps\/embed?pb=!1m18!1m12!1m3!1d2574.4128629643646!2d8.27142842714936!3d49.815905026736175!2m3!1f0!2f0!3f0!3m2!1i1024!2i768!4f13.1!3m3!1m2!1s0x47bd85fa77b9f29b%3A0x374b6d893d33e054!2sLettengasse+2%2C+55278+Weinolsheim!5e0!3m2!1sde!2sde!4v1429771601793\" width=\"600\" height=\"450\" frameborder=\"0\" style=\"border:0\"><\/iframe><\/p>\n","protected":false},"excerpt":{"rendered":"<p>Diese Website wird unterhalten durch: Kay Fiedler Lettengasse 2 55278 Weinolsheim Tel: 0172 7662759 eMail: webmaster@yakobo.de Jegliche Auswertung ihres Besuches via Cookies geschiet lediglich zur allgemeinen Informationen \u00fcber Ihr Bundesland und die Verweilzeiten auf den einzelnen Seiten, um uns zu zeigen, welche Artikel in der Masse aller Besucher am ehesten ansprechen &#8211; und welche \u00fcberarbeitet [&hellip;]<\/p>\n","protected":false},"author":1,"featured_media":546,"parent":0,"menu_order":0,"comment_status":"open","ping_status":"open","template":"","meta":{"footnotes":""},"tags":[],"class_list":["post-718","page","type-page","status-publish","has-post-thumbnail","hentry"],"yoast_head":"<!-- This site is optimized with the Yoast SEO plugin v27.5 - https:\/\/yoast.com\/product\/yoast-seo-wordpress\/ -->\n<title>IMPRESSUM - yakobo.de<\/title>\n<meta name=\"robots\" content=\"index, follow, max-snippet:-1, max-image-preview:large, max-video-preview:-1\" \/>\n<link rel=\"canonical\" href=\"https:\/\/yakobo.de\/?page_id=718\" \/>\n<meta property=\"og:locale\" content=\"de_DE\" \/>\n<meta property=\"og:type\" content=\"article\" \/>\n<meta property=\"og:title\" content=\"IMPRESSUM - yakobo.de\" \/>\n<meta property=\"og:description\" content=\"Diese Website wird unterhalten durch: Kay Fiedler Lettengasse 2 55278 Weinolsheim Tel: 0172 7662759 eMail: webmaster@yakobo.de Jegliche Auswertung ihres Besuches via Cookies geschiet lediglich zur allgemeinen Informationen \u00fcber Ihr Bundesland und die Verweilzeiten auf den einzelnen Seiten, um uns zu zeigen, welche Artikel in der Masse aller Besucher am ehesten ansprechen &#8211; und welche \u00fcberarbeitet [&hellip;]\" \/>\n<meta property=\"og:url\" content=\"https:\/\/yakobo.de\/?page_id=718\" \/>\n<meta property=\"og:site_name\" content=\"yakobo.de\" \/>\n<meta property=\"article:modified_time\" content=\"2015-04-23T06:47:04+00:00\" \/>\n<meta property=\"og:image\" content=\"https:\/\/yakobo.de\/wp-content\/uploads\/2013\/09\/20130904-153624.jpg\" \/>\n\t<meta property=\"og:image:width\" content=\"1024\" \/>\n\t<meta property=\"og:image:height\" content=\"621\" \/>\n\t<meta property=\"og:image:type\" content=\"image\/jpeg\" \/>\n<meta name=\"twitter:card\" content=\"summary_large_image\" \/>\n<script type=\"application\/ld+json\" class=\"yoast-schema-graph\">{\"@context\":\"https:\\\/\\\/schema.org\",\"@graph\":[{\"@type\":\"WebPage\",\"@id\":\"https:\\\/\\\/yakobo.de\\\/?page_id=718\",\"url\":\"https:\\\/\\\/yakobo.de\\\/?page_id=718\",\"name\":\"IMPRESSUM - yakobo.de\",\"isPartOf\":{\"@id\":\"https:\\\/\\\/yakobo.de\\\/#website\"},\"primaryImageOfPage\":{\"@id\":\"https:\\\/\\\/yakobo.de\\\/?page_id=718#primaryimage\"},\"image\":{\"@id\":\"https:\\\/\\\/yakobo.de\\\/?page_id=718#primaryimage\"},\"thumbnailUrl\":\"https:\\\/\\\/yakobo.de\\\/wp-content\\\/uploads\\\/2013\\\/09\\\/20130904-153624.jpg\",\"datePublished\":\"2015-04-17T15:27:33+00:00\",\"dateModified\":\"2015-04-23T06:47:04+00:00\",\"breadcrumb\":{\"@id\":\"https:\\\/\\\/yakobo.de\\\/?page_id=718#breadcrumb\"},\"inLanguage\":\"de\",\"potentialAction\":[{\"@type\":\"ReadAction\",\"target\":[\"https:\\\/\\\/yakobo.de\\\/?page_id=718\"]}]},{\"@type\":\"ImageObject\",\"inLanguage\":\"de\",\"@id\":\"https:\\\/\\\/yakobo.de\\\/?page_id=718#primaryimage\",\"url\":\"https:\\\/\\\/yakobo.de\\\/wp-content\\\/uploads\\\/2013\\\/09\\\/20130904-153624.jpg\",\"contentUrl\":\"https:\\\/\\\/yakobo.de\\\/wp-content\\\/uploads\\\/2013\\\/09\\\/20130904-153624.jpg\",\"width\":1024,\"height\":621,\"caption\":\"Masserberg, Aussichtsplattform, iSplit\"},{\"@type\":\"BreadcrumbList\",\"@id\":\"https:\\\/\\\/yakobo.de\\\/?page_id=718#breadcrumb\",\"itemListElement\":[{\"@type\":\"ListItem\",\"position\":1,\"name\":\"Startseite\",\"item\":\"https:\\\/\\\/yakobo.de\\\/\"},{\"@type\":\"ListItem\",\"position\":2,\"name\":\"IMPRESSUM\"}]},{\"@type\":\"WebSite\",\"@id\":\"https:\\\/\\\/yakobo.de\\\/#website\",\"url\":\"https:\\\/\\\/yakobo.de\\\/\",\"name\":\"yakobo.de\",\"description\":\"Kurzgeschichten, Gedichte, Fotografie, Musik und Autobiografisches von und \u00fcber Kay Fiedler\",\"potentialAction\":[{\"@type\":\"SearchAction\",\"target\":{\"@type\":\"EntryPoint\",\"urlTemplate\":\"https:\\\/\\\/yakobo.de\\\/?s={search_term_string}\"},\"query-input\":{\"@type\":\"PropertyValueSpecification\",\"valueRequired\":true,\"valueName\":\"search_term_string\"}}],\"inLanguage\":\"de\"}]}<\/script>\n<!-- \/ Yoast SEO plugin. -->","yoast_head_json":{"title":"IMPRESSUM - yakobo.de","robots":{"index":"index","follow":"follow","max-snippet":"max-snippet:-1","max-image-preview":"max-image-preview:large","max-video-preview":"max-video-preview:-1"},"canonical":"https:\/\/yakobo.de\/?page_id=718","og_locale":"de_DE","og_type":"article","og_title":"IMPRESSUM - yakobo.de","og_description":"Diese Website wird unterhalten durch: Kay Fiedler Lettengasse 2 55278 Weinolsheim Tel: 0172 7662759 eMail: webmaster@yakobo.de Jegliche Auswertung ihres Besuches via Cookies geschiet lediglich zur allgemeinen Informationen \u00fcber Ihr Bundesland und die Verweilzeiten auf den einzelnen Seiten, um uns zu zeigen, welche Artikel in der Masse aller Besucher am ehesten ansprechen &#8211; und welche \u00fcberarbeitet [&hellip;]","og_url":"https:\/\/yakobo.de\/?page_id=718","og_site_name":"yakobo.de","article_modified_time":"2015-04-23T06:47:04+00:00","og_image":[{"width":1024,"height":621,"url":"https:\/\/yakobo.de\/wp-content\/uploads\/2013\/09\/20130904-153624.jpg","type":"image\/jpeg"}],"twitter_card":"summary_large_image","schema":{"@context":"https:\/\/schema.org","@graph":[{"@type":"WebPage","@id":"https:\/\/yakobo.de\/?page_id=718","url":"https:\/\/yakobo.de\/?page_id=718","name":"IMPRESSUM - yakobo.de","isPartOf":{"@id":"https:\/\/yakobo.de\/#website"},"primaryImageOfPage":{"@id":"https:\/\/yakobo.de\/?page_id=718#primaryimage"},"image":{"@id":"https:\/\/yakobo.de\/?page_id=718#primaryimage"},"thumbnailUrl":"https:\/\/yakobo.de\/wp-content\/uploads\/2013\/09\/20130904-153624.jpg","datePublished":"2015-04-17T15:27:33+00:00","dateModified":"2015-04-23T06:47:04+00:00","breadcrumb":{"@id":"https:\/\/yakobo.de\/?page_id=718#breadcrumb"},"inLanguage":"de","potentialAction":[{"@type":"ReadAction","target":["https:\/\/yakobo.de\/?page_id=718"]}]},{"@type":"ImageObject","inLanguage":"de","@id":"https:\/\/yakobo.de\/?page_id=718#primaryimage","url":"https:\/\/yakobo.de\/wp-content\/uploads\/2013\/09\/20130904-153624.jpg","contentUrl":"https:\/\/yakobo.de\/wp-content\/uploads\/2013\/09\/20130904-153624.jpg","width":1024,"height":621,"caption":"Masserberg, Aussichtsplattform, iSplit"},{"@type":"BreadcrumbList","@id":"https:\/\/yakobo.de\/?page_id=718#breadcrumb","itemListElement":[{"@type":"ListItem","position":1,"name":"Startseite","item":"https:\/\/yakobo.de\/"},{"@type":"ListItem","position":2,"name":"IMPRESSUM"}]},{"@type":"WebSite","@id":"https:\/\/yakobo.de\/#website","url":"https:\/\/yakobo.de\/","name":"yakobo.de","description":"Kurzgeschichten, Gedichte, Fotografie, Musik und Autobiografisches von und \u00fcber Kay Fiedler","potentialAction":[{"@type":"SearchAction","target":{"@type":"EntryPoint","urlTemplate":"https:\/\/yakobo.de\/?s={search_term_string}"},"query-input":{"@type":"PropertyValueSpecification","valueRequired":true,"valueName":"search_term_string"}}],"inLanguage":"de"}]}},"jetpack_sharing_enabled":true,"jetpack_shortlink":"https:\/\/wp.me\/P63HpB-bA","_links":{"self":[{"href":"https:\/\/yakobo.de\/index.php?rest_route=\/wp\/v2\/pages\/718","targetHints":{"allow":["GET"]}}],"collection":[{"href":"https:\/\/yakobo.de\/index.php?rest_route=\/wp\/v2\/pages"}],"about":[{"href":"https:\/\/yakobo.de\/index.php?rest_route=\/wp\/v2\/types\/page"}],"author":[{"embeddable":true,"href":"https:\/\/yakobo.de\/index.php?rest_route=\/wp\/v2\/users\/1"}],"replies":[{"embeddable":true,"href":"https:\/\/yakobo.de\/index.php?rest_route=%2Fwp%2Fv2%2Fcomments&post=718"}],"version-history":[{"count":0,"href":"https:\/\/yakobo.de\/index.php?rest_route=\/wp\/v2\/pages\/718\/revisions"}],"wp:featuredmedia":[{"embeddable":true,"href":"https:\/\/yakobo.de\/index.php?rest_route=\/wp\/v2\/media\/546"}],"wp:attachment":[{"href":"https:\/\/yakobo.de\/index.php?rest_route=%2Fwp%2Fv2%2Fmedia&parent=718"}],"wp:term":[{"taxonomy":"post_tag","embeddable":true,"href":"https:\/\/yakobo.de\/index.php?rest_route=%2Fwp%2Fv2%2Ftags&post=718"}],"curies":[{"name":"wp","href":"https:\/\/api.w.org\/{rel}","templated":true}]}}